{"id":21,"date":"2020-02-03T23:27:10","date_gmt":"2020-02-03T23:27:10","guid":{"rendered":"http:\/\/thomashahnentertainment.de\/?page_id=21"},"modified":"2022-10-19T18:57:07","modified_gmt":"2022-10-19T18:57:07","slug":"klar","status":"publish","type":"page","link":"http:\/\/thomashahnentertainment.de\/?page_id=21","title":{"rendered":"KLAR!"},"content":{"rendered":"\n<p class=\"has-medium-font-size\">PARTY MUSIC LIVE<\/p>\n\n\n\n<figure class=\"wp-block-embed-youtube wp-block-embed is-type-video is-provider-youtube wp-embed-aspect-16-9 wp-has-aspect-ratio\"><div class=\"wp-block-embed__wrapper\">\n<iframe loading=\"lazy\" title=\"klar! - Party Music Live: Trailer\" width=\"750\" height=\"422\" src=\"https:\/\/www.youtube.com\/embed\/SrNQO4dsI4U?feature=oembed\" frameborder=\"0\" allow=\"accelerometer; autoplay; encrypted-media; gyroscope; picture-in-picture\" allowfullscreen><\/iframe>\n<\/div><\/figure>\n\n\n\n<p><strong>Erleben Sie eine mitrei\u00dfende B\u00fchnenshow<\/strong><br> \u2026 bei der das Publikum gar nicht anders kann als mitzufeiern,  mitzusingen und zu tanzen. Hits der 1980er bis heute, von Tina Turner bis Robin Schulz. Ob auf gro\u00dfer B\u00fchne oder in Lounge-Atmosph\u00e4re \u2013 die Musiker:innen von <strong>klar! \u2013 Party Music Live <\/strong>haben  Spa\u00df, verstehen ihr Handwerk und sind der passende Live-Act f\u00fcr jede  OpenAir-B\u00fchne, jede Party und jedes exklusive Firmen-Event.<\/p>\n\n\n\n<p><\/p>\n\n\n\n<p><\/p>\n\n\n\n<p><\/p>\n\n\n\n<p><a href=\"http:\/\/www.partymusiclive.de\" target=\"_blank\" rel=\"noreferrer noopener\" aria-label=\" (\u00f6ffnet in neuem Tab)\">www.partymusiclive.de<\/a><\/p>\n","protected":false},"excerpt":{"rendered":"<p>PARTY MUSIC LIVE Erleben Sie eine mitrei\u00dfende B\u00fchnenshow \u2026 bei der das Publikum gar nicht anders kann als mitzufeiern, mitzusingen und zu tanzen. Hits der 1980er bis heute, von Tina Turner bis Robin Schulz. Ob auf gro\u00dfer B\u00fchne oder in<\/p>\n","protected":false},"author":1,"featured_media":0,"parent":25,"menu_order":0,"comment_status":"closed","ping_status":"closed","template":"","meta":[],"_links":{"self":[{"href":"http:\/\/thomashahnentertainment.de\/index.php?rest_route=\/wp\/v2\/pages\/21"}],"collection":[{"href":"http:\/\/thomashahnentertainment.de\/index.php?rest_route=\/wp\/v2\/pages"}],"about":[{"href":"http:\/\/thomashahnentertainment.de\/index.php?rest_route=\/wp\/v2\/types\/page"}],"author":[{"embeddable":true,"href":"http:\/\/thomashahnentertainment.de\/index.php?rest_route=\/wp\/v2\/users\/1"}],"replies":[{"embeddable":true,"href":"http:\/\/thomashahnentertainment.de\/index.php?rest_route=%2Fwp%2Fv2%2Fcomments&post=21"}],"version-history":[{"count":9,"href":"http:\/\/thomashahnentertainment.de\/index.php?rest_route=\/wp\/v2\/pages\/21\/revisions"}],"predecessor-version":[{"id":194,"href":"http:\/\/thomashahnentertainment.de\/index.php?rest_route=\/wp\/v2\/pages\/21\/revisions\/194"}],"up":[{"embeddable":true,"href":"http:\/\/thomashahnentertainment.de\/index.php?rest_route=\/wp\/v2\/pages\/25"}],"wp:attachment":[{"href":"http:\/\/thomashahnentertainment.de\/index.php?rest_route=%2Fwp%2Fv2%2Fmedia&parent=21"}],"curies":[{"name":"wp","href":"https:\/\/api.w.org\/{rel}","templated":true}]}}